(z) = -z + 1. Let i be (4/3 - -2)/((-8)/(-12)). Suppose 58 - 18 = i*m. What is n(m)?
-7
Let l(d) = -d + 4. Let c be l(-3). Let h(w) be the first derivative of w**4/4 - 7*w**3/3 + w**2/2 - 473. Give h(c).
7
Let g = 45 + -46. Let k(v) be the second derivative of -v**4/6 + v**3/6 + v**2/2 - 2*v + 678. Calculate k(g).
-2
Let n(l) be the first derivative of 62 + l**2 + 0*l**2 - l + 2*l + l**2. Determine n(3).
13
Let r(b) = 11*b + 12. Let s(y) = -2*y - 2. Let i(g) = r(g) + 6*s(g). Let l = 23 - 11. Let d = l - 9. Calculate i(d).
-3
Let k = 20812 - 20809. Let h(z) be the first derivative of -3*z + 1/3*z**k + 3*z**2 - 19. Calculate h(-7).
4
Let q(t) = -t**3 - 7*t**2 - 3*t - 1. Suppose -40*g + 43*g = 5*y + 15, -4*y - g - 29 = 0. Calculate q(y).
-19
Suppose -t - 57 = -16. Let q = t - -45. Suppose 36 = q*u + 8. Let k(h) = 3*h + 2. Give k(u).
23
Suppose 0 = 5*s + 2 + 43. Let m be 2/(-6) - 3/s*7. Let z be (-154)/(-49) + 1*m/(-14). Let t(n) = n**3 - 2*n**2 - 3*n + 2. What is t(z)?
2
Let r(t) = -18*t - 2*t**2 + 27*t - 1017 + 1020. Let c = 575 - 570. Give r(c).
-2
Let a(q) = -q**2 + 41*q + 42. Let w be a(-1). Let y(o) = o**3 - o**2 + 2*o + 13. Calculate y(w).
13
Suppose -22*b + 200 = 18*b. Suppose -10 + 9 = -b*f + 3*c, -f - c = 3. Let j(p) = 19*p**2 + 3*p + 2. Give j(f).
18
Let k(d) = -4 - d**2 - d**2 + 3*d - 2*d**3 + d**3. Suppose 5*h - 24 = -3*z, 2*h - 2 = -2*z + 10. Suppose 4*p = 2*g + 2*g, h*g = -p - 12. What is k(g)?
-4
Let d = 1272 + -1256. Let j(o) = -o**2 + 22*o - 77. Calculate j(d).
19
Suppose 3*z + 32 = 7*z. Suppose -z*t + 1 = 9. Let l be 2*(t + 2)*(-65)/(-26). Let d(i) = i - 8. Determine d(l).
-3
Let c(r) = -4 + 88*r - 21*r - 27*r - 35*r. Give c(-1).
-9
Let p(o) be the second derivative of -o**5/20 + o**4/2 - o**3/3 + 2*o**2 + 12*o. Let h = -1688 - -1694. What is p(h)?
-8
Let l = 19 - 11. Let f(i) = -6 - i - 2 - 5 + l. Let n = -89 - -89. What is f(n)?
-5
Suppose 3*j = -3*w - 3, 2*j - 5*w - 17 = 3*j. Suppose 0 = 16*b + 15*b - 124. Suppose -3 = -4*k + f, -4*k = -j*k - 5*f + b. Let m(t) = -5*t**2 - t. What is m(k)?
-6
Let u(h) = h**2 - 5*h + 2. Suppose 292 = 3*t + 4*l, 2*l = -2*l + 16. Suppose -502 = 9*b + 272. Let n = b + t. Calculate u(n).
8
Suppose 0 = -85*c - 478 - 946 + 489. Let i(j) = 3*j**3 + 31*j**2 - 19*j + 33. What is i(c)?
0
Let m be (-22)/(-11) - 3*-1. Let x(o) = 1 - 104*o**2 + o + m*o**3 - 101*o**2 + 206*o**2. Suppose 10*p + 3*z + 8 = 5*p, -6 = 4*p + 2*z. Determine x(p).
-4
Let c(i) = 4*i - 71. Let w(t) = -3*t + 55. Let r(g) = 4*c(g) + 5*w(g). Determine r(2).
-7
Let o(v) = 11*v**3 + v**2 - v - 1. Let h(p) = -4180 + 4173 + p**3 - 2*p - 5*p + 3*p**2. Let l be h(-3). Suppose 22 - l = -8*f. What is o(f)?
-10
Let c(o) = o**3 + 18*o**2 - 6*o + 2. Let x(b) be the first derivative of -b**4/2 - 37*b**3/3 + 11*b**2/2 - 3*b + 54. Let t(f) = 13*c(f) + 6*x(f). Give t(-13).
-5
Let z(x) = 5*x**2 + 12*x**2 + x + 0*x. Let w be (-13290)/95 + 2/(-19). Let y = -141 - w. Give z(y).
16
Let d(y) = -y**3 - 3*y**2 + 4*y + 2. Let r be d(-4). Let t(w) = 2 + w + 0*w - 6*w - w**r. Let g = 100710 - 100714. Determine t(g).
6
Let g(f) = -29*f**3 - f + 1. Let q = 106 - 107. Let a be g(q). Suppose -2*i = -5*p - 21, -3*i = -4*p + 9*p + a. Let d(r) = 2*r**2 - 1. What is d(i)?
7
Let q = 13 + -10. Let o(c) = c + 31 + 27 - c**q - 46. Determine o(0).
12
Let c(i) be the second derivative of 3/2*i**2 + 3*i - 1/6*i**3 + 2. What is c(9)?
-6
Let h(d) = 46*d - 12. Let c be h(4). Suppose -c = s - 64. Let j = s + 103. Let a(y) = y + 12. Calculate a(j).
7
Let t(v) be the second derivative of -v**4/4 + v**3/2 - 3*v**2 + 13162*v. Determine t(4).
-42
Let d be ((-6)/(-19))/(1191/30172). Let i(u) = 4*u. Determine i(d).
32
Let j = 160 - 149. Suppose -25 = -j*x - 91. Let h(u) be the third derivative of -u**5/60 - 7*u**4/24 - 5*u**3/6 - u**2. Give h(x).
1
Suppose -4*w - o + 36 = 0, 4*w + 3*o - 36 = -0*o. Let y(p) be the second derivative of p**4/12 - p**3 - 4*p**2 - 233*p. Give y(w).
19
Let p(n) = 1 + n + 2*n - 2*n. Suppose 0*v + 2336 = -14*v + 2364. What is p(v)?
3
Let v(i) = -i + 12. Let u be 1*(-4)/1 - (5 + -6). Let q be (u - -5)/4*2 + -1. Give v(q).
12
Let i(t) = -18 - 78*t - 22*t**2 + 72*t + 23*t**2. Let w be i(8). Let q(y) = -y**3 - 2*y**2 + 2*y + 4. Calculate q(w).
0
Let h(x) = -13*x**2 + 17*x - 22. Let o be h(3). Let j = o - -99. Let g(k) = -k**2 + 11*k - 1. Calculate g(j).
-1
Let s(h) = h**2 - 5*h + 4. Suppose 22 = 3*g - 4*q, 0 = -0*g - 3*g + q + 19. Suppose 101 = -g*k + 131. What is s(k)?
4
Let a(t) = 3 + 10*t**2 - 5*t**3 + 0*t**3 + 6*t**3 - t + 0*t**3 - 2*t**2. Determine a(-7).
59
Let c(l) = -248*l**2 + 11 + 10*l - 250*l**2 + 499*l**2. Let m(a) = 2*a**2 + 19*a + 21. Let s(d) = -5*c(d) + 3*m(d). Calculate s(-6).
2
Let p(l) = -50*l - 914. Let c be p(-17). Let u(r) = -r**3 - 64*r**2 - 5*r - 320. Calculate u(c).
0
Let p(n) = n**3 - n**2 + 5*n - 20. Let a(d) = -d + 1. Let i(s) = -5*a(s) - p(s). Let u = 698 + -698. Determine i(u).
15
Let q(t) be the second derivative of 0*t**2 - 37 + 2/5*t**5 - 1/12*t**4 - 1/6*t**3 + t. What is q(-1)?
-8
Let f(d) = -d**2 + 84. Let j be f(9). Let b(n) = 4*n**2 + n - 17. Let u(a) = 11*a**2 + 5*a - 50. Let l(x) = j*u(x) - 8*b(x). Calculate l(-10).
16
Let d(l) = -l**2 + 14*l - 44. Let k(i) = 3*i**3 - 21*i**2 + 9*i - 52. Let w be k(7). Calculate d(w).
-11
Let i(z) = 4*z**2 - 8*z - 17. Let p be (118/10 - (-53)/265) + -14. What is i(p)?
15
Let h(l) = -l**2 - 6*l + 10. Suppose 9*d - 168 = -5*d. Suppose -w + 20 = -2*w. Let q = d + w. Give h(q).
-6
Let f be (-14 - -6) + (-4 - (-22)/(-6)*-3). Let p(o) = 26*o**2 - o. Give p(f).
27
Let t(x) = x**3 + 10*x**2 + 28*x + 24. Let m(w) = w**3 + 9*w**2 + 19*w + 23. Let h(z) = -3*m(z) + 2*t(z). Calculate h(-7).
-14
Let v(a) = -220*a - 494. Let b(g) = 149*g + 329. Let t(j) = 7*b(j) + 5*v(j). Calculate t(-3).
4
Let k(p) = -19 + 42*p**2 - 69*p + 13*p - 75*p**2 + 36*p**2. Give k(18).
-55
Let n(z) = -2108*z + 22 - 4*z**3 + 7*z**3 - 5*z**3 + 2097*z + 17*z**2. Determine n(8).
-2
Let o(c) be the second derivative of 1/3*c**3 + 0 - 1/12*c**4 + 15*c - c**2. Calculate o(1).
-1
Suppose -4*j = -4*c + 8, -9*c + j = -7*c - 8. Let u(v) be the third derivative of v**6/120 - 7*v**5/60 + 5*v**4/24 + v**3 + 369*v**2. What is u(c)?
0
Let p(n) = n**2 - 5*n + 7. Suppose -l + 4*l = 12. Let m be p(l). Suppose a = 5*t - 3, -2*t - 31 = -2*a - m*a. Let j(o) = o - 2. What is j(a)?
5
Let w(x) = -x**3 + 9*x**2 - 10*x + 10. Suppose -10 = -2*z + 22. Suppose z*a - 112 = 2*a. What is w(a)?
-6
Let r(d) = 6*d + 0 - 4*d - d - 1. Let i(g) = -g**2 + 4*g - 3. Let u be i(3). Let f be u/(4/(-12)*3). Give r(f).
-1
Let u(c) = 1. Let b(o) = -9*o + 6. Let m(i) = -b(i) + u(i). Suppose 0 = 3*z - 5*n + 23, -5*z + 5*n + 3 = 18. Determine m(z).
31
Let s be 50/(-850)*(2 - 4) - 338/(-17). Let c(l) = -l**3 + 22*l**2 - 40*l - 3. Give c(s).
-3
Let k(f) = f**2 - 8. Let l(o) be the first derivative of o**4/4 + 13*o**3/3 + 5*o**2/2 + 72*o + 115. Let x be l(-13). Give k(x).
41
Let w(h) = h**3 + 9*h**2 + 2*h - 12. Let y be -82 + 78 - (-20)/(-8)*8/5. Determine w(y).
36
Let g(i) be the third derivative of -i**4/24 + 2*i**3 - 220*i**2 - 3. What is g(7)?
5
Let p(h) = 2*h - 45. Let d be p(19). Let j(b) = -28*b - 189. What is j(d)?
7
Let g = 15666 - 15665. Let c(s) be the first derivative of -s**3 - s**2 + s + 2. Calculate c(g).
-4
Let o(i) be the second derivative of i**7/2520 + 7*i**6/720 - 13*i**5/120 + 35*i**4/4 + 4*i - 2. Let c(j) be the third derivative of o(j). Determine c(-9).
5
Let p(g) = g**2 - 16*g + 26. Let h(n) = 4*n**3 + 74*n**2 + 31*n - 77. Let y be h(-18). Determine p(y).
-13
Let f(j) = -j**3 + 8*j**2 + 9*j + 12. Let p = -81 - -84. Suppose p*t - 1 - 26 = 0. What is f(t)?
12
Let b(m) = 5*m**2 - 3*m + 3. Let x be (-42)/(-24) - (-1)/4. Let y(c) = 6*c**2 - c + x*c + 3 - 3*c. Let n(h) = -5*b(h) + 4*y(h). Determine n(6).
3
Let m(d) = 5*d - 654. Let o(f) = -6*f + 489. Let n(g) = 2*m(g) + 3*o(g). What is n(20)?
-1
Suppose -4*w - 24 = 4*k, 4*w - 18*k + 28 = -21*k. Let y(o) = -4*o - 21. Calculate y(w).
19
Let t(c) = c**3 + 5*c**2 - 12*c - 14. Suppose -25 = 45*v - 50*v, 8 = n + 3*v. Calculate t(n).
-28
Let k(c) = -5*c**3 + 49*c**2 + 5*c + 1. Let h(g) = 6*g**3 - 58*g**2 - 6*g - 1. Let p(v) = -11*h(v) - 13*k(v). What is p(-2)?
8
Let w(b) = b + 0 + 0*b - 1. Let p be (-8)/(-6) - (1984/93 +